 the greatest common factor of 960 and 1403840.
320
What is the highest common divisor of 12700 and 2620?
20
Calculate the highest common divisor of 9688 and 728.
56
What is the highest common divisor of 819356 and 304?
76
Calculate the greatest common divisor of 84 and 623.
7
What is the highest common divisor of 192 and 419808?
96
Calculate the highest common factor of 14200 and 25.
25
What is the highest common divisor of 82468 and 2968?
212
Calculate the greatest common divisor of 794 and 4933916.
794
What is the highest common factor of 7024988 and 251?
251
Calculate the highest common factor of 13 and 139711.
13
What is the greatest common factor of 83 and 231653?
83
What is the highest common factor of 576 and 269056?
64
Calculate the greatest common factor of 472 and 16.
8
What is the highest common divisor of 8 and 25268?
4
Calculate the highest common divisor of 6320 and 2630.
10
Calculate the highest common factor of 16 and 9460208.
16
What is the greatest common divisor of 4608 and 1643904?
1152
Calculate the greatest common factor of 3016 and 14210.
58
Calculate the greatest common factor of 792326 and 376.
94
What is the highest common factor of 168 and 46242?
42
What is the highest common divisor of 121910 and 80?
10
Calculate the highest common factor of 2158928 and 944.
944
What is the highest common divisor of 45 and 1537?
1
Calculate the greatest common divisor of 24373755 and 315.
315
Calculate the greatest common divisor of 364 and 16772.
28
What is the highest common factor of 25116 and 60879?
273
Calculate the greatest common divisor of 88 and 3476.
44
Calculate the greatest common factor of 1122 and 4029.
51
What is the greatest common factor of 5285 and 21?
7
What is the greatest common factor of 11 and 182083?
11
Calculate the greatest common divisor of 1309 and 2486.
11
Calculate the highest common divisor of 11412 and 36.
36
What is the highest common factor of 401 and 105463?
401
What is the greatest common factor of 17822 and 15694?
266
What is the greatest common factor of 8 and 10966?
2
Calculate the highest common divisor of 2295883 and 46.
23
What is the greatest common factor of 3 and 83160?
3
What is the highest common factor of 19981 and 265?
53
What is the greatest common factor of 42 and 14182?
14
What is the highest common divisor of 750 and 16659?
3
What is the greatest common factor of 84 and 1842036?
84
Calculate the greatest common divisor of 3800 and 1792.
8
Calculate the highest common factor of 3975 and 1225.
25
Calculate the greatest common factor of 9109 and 11.
1
Calculate the highest common divisor of 818 and 3244597.
409
Calculate the greatest common divisor of 3993 and 96.
3
What is the greatest common divisor of 126 and 910280?
14
What is the highest common factor of 238 and 440419?
119
What is the greatest common divisor of 119 and 1162273?
119
What is the greatest common divisor of 53 and 48707?
53
What is the greatest common divisor of 220235 and 170?
85
Calculate the greatest common divisor of 4400 and 481360.
880
Calculate the highest common divisor of 12872 and 488.
8
What is the greatest common divisor of 24 and 1480?
8
Calculate the highest common divisor of 5013 and 21166.
557
Calculate the highest common divisor of 44060 and 260.
20
Calculate the greatest common factor of 740 and 83250.
370
Calculate the greatest common divisor of 1512 and 12663.
189
What is the greatest common divisor of 118 and 2462?
2
Calculate the greatest common factor of 780 and 2740.
20
Calculate the highest common divisor of 331 and 1237609.
331
What is the highest common factor of 586072 and 8?
8
Calculate the highest common factor of 276 and 300732.
12
Calculate the highest common factor of 11584 and 1504.
32
Calculate the greatest common factor of 3834 and 1704.
426
What is the highest common divisor of 18576 and 8208?
432
Calculate the highest common divisor of 2199632 and 16.
16
What is the highest common factor of 116 and 104951?
29
What is the greatest common factor of 7415 and 3753473?
1483
What is the greatest common divisor of 176 and 16232?
8
What is the greatest common factor of 363264 and 16368?
528
Calculate the highest common divisor of 458 and 3367674.
458
What is the highest common divisor of 224738 and 814?
74
What is the greatest common divisor of 219865 and 10?
5
Calculate the greatest common divisor of 147 and 384.
3
Calculate the greatest common divisor of 109905 and 2040.
255
Calculate the greatest common divisor of 55 and 24431.
11
What is the greatest common divisor of 8008 and 3052?
28
What is the greatest common divisor of 7877757 and 327?
327
Calculate the highest common divisor of 756 and 387.
9
Calculate the highest common factor of 131784 and 492.
12
Calculate the highest common factor of 32988 and 66.
6
Calculate the greatest common factor of 36374 and 26.
26
Calculate the greatest common divisor of 135 and 199200.
15
What is the greatest common divisor of 1239 and 37023?
21
What is the highest common factor of 30 and 10410?
30
Calculate the highest common divisor of 470588 and 284.
284
Calculate the highest common factor of 9450 and 37450.
350
What is the highest common divisor of 33650 and 8250?
50
Calculate the greatest common factor of 371 and 9.
1
What is the highest common divisor of 44 and 610841?
11
What is the greatest common divisor of 524 and 48994?
262
What is the greatest common divisor of 17289 and 459?
153
What is the highest common divisor of 592 and 9990?
74
Calculate the highest common divisor of 2076 and 281298.
1038
Calculate the highest common divisor of 8478 and 1530750.
942
What is the highest common divisor of 3872 and 235708?
484
What is the highest common divisor of 3130881 and 52?
13
Calculate the greatest common factor of 132 and 32736.
132
What is the highest common factor of 280 and 50240?
40
What is the highest common divisor of 15 and 10677?
3
What is the greatest common factor of 20152 and 176?
88
Calculate the highest common divisor of 89955 and 90.
45
What is the highest common factor of 4 and 332360?
4
Calculate the greatest common factor of 103098 and 6.
6
What is the highest common divisor of 728074 and 58?
58
Calculate the highest common factor of 207859 and 51.
17
What is the highest common factor of 367 and 1901794?
367
Calculate the greatest common factor of 30 and 17814.
6
What is the highest common factor of 890 and 1170?
10
What is the highest common factor of 1321665 and 17?
17
What is the greatest common factor of 814922 and 2317?
331
What is the highest common divisor of 49790 and 182?
26
What is the greatest common divisor of 25861 and 88?
11
Calculate the highest common factor of 13 and 118781.
13
What is the highest common divisor of 6993 and 426314?
259
What is the greatest common divisor of 11106 and 28999?
617
Calculate the greatest common factor of 20 and 6034250.
10
What is the highest common factor of 56 and 2472?
8
What is the highest common factor of 5607 and 630?
63
Calculate the greatest common divisor of 50127 and 102949.
539
What is the highest common divisor of 2755 and 176871?
551
Calculate the greatest common divisor of 5950 and 675.
25
What is the highest common factor of 269745 and 420?
105
What is the highest common factor of 4650 and 2914?
62
What is the highest common divisor of 22708 and 1834?
14
What is the highest common divisor of 3326793 and 87?
87
What is the greatest common divisor of 4328 and 24?
8
What is the highest common factor of 11 and 3453791?
11
Calculate the highest common divisor of 87 and 420.
3
Calculate the highest common divisor of 370 and 4272094.
74
What is the highest common divisor of 3750 and 62250?
750
What is the greatest common factor of 1048 and 4193834?
262
What is the highest common divisor of 23002 and 4081?
371
Calculate the greatest common divisor of 119816 and 69599.
881
What is the greatest common divisor of 2065 and 22015?
35
Calculate the highest common factor of 471 and 690.
3
Calculate the greatest common factor of 1 and 4831.
1
What is the greatest common divisor of 49860 and 15?
15
What is the highest common factor of 1894304 and 32?
32
What is the greatest common divisor of 42 and 61859?
7
Calculate the greatest common divisor of 208 and 7241.
13
What is t